 derivative of -g**4/6 + 4*g**3/3 - g**2. What are the prime factors of p(r)?
2, 11
Let i(w) be the second derivative of w**5/20 + 5*w**4/12 - 5*w**3/6 - w**2 - 3*w. Let o be i(-6). What are the prime factors of (-202)/o - 1/4?
5
Let m(r) = -r**3 - 6*r**2 + 7*r - 16. Let n be m(-8). What are the prime factors of (-7)/n - 257/(-8)?
2
Let c = -1017 + 1473. What are the prime factors of c?
2, 3, 19
Suppose -2*b - 6 = 0, -82 = -w + 2*b + 58. List the prime factors of w.
2, 67
Let t(c) = 2*c**2 - c + 11 + 0 - 3*c**2. Let r = -261 - -261. List the prime factors of t(r).
11
Suppose -74705 - 177043 = -74*f. List the prime factors of f.
2, 3, 7
Suppose -5*s + z = -4*s - 1, 2 = -s - 2*z. Let j be (-4)/(s - 2) + 118. Suppose m = -3*h + 26, 5*m - h + 38 - j = 0. What are the prime factors of m?
17
List the prime factors of -14*(0 + (-497)/14).
7, 71
Let r = -326 - -861. List the prime factors of r.
5, 107
Suppose d + 135 = 9. Let g = 22 - d. What are the prime factors of g?
2, 37
Let u(h) = 7*h + 1. Let p be u(8). Let w(y) = y**2 + 9*y - 4. Let s be w(-9). What are the prime factors of p*(-4)/48*s?
19
Suppose -7*d + d = -1842. List the prime factors of d.
307
Let s(p) = 9*p - 2*p**2 - 3*p**2 + 3 + 7*p**2 + 0. Let y be s(-6). Suppose l = 7 + y. What are the prime factors of l?
2, 7
Suppose 810 + 728 = y - t, 0 = 3*y + 3*t - 4644. What are the prime factors of y?
1543
List the prime factors of 67/((0 + 1/(-6))*-3).
2, 67
Suppose -1071 = -c - 2*p, p - 5373 = -0*c - 5*c. What are the prime factors of c?
5, 43
Let b = 32 - 29. Suppose 0 = -b*d - 2*v + 6 + 530, 356 = 2*d + 2*v. List the prime factors of d.
2, 3, 5
List the prime factors of (-130)/(-15)*114/4.
13, 19
Suppose 0 = -4*x + 2*h + 740, 5*h - 156 = -2*x + 238. What are the prime factors of x + (-5)/((-20)/(-8))?
5, 37
Let z be 4/(-14) + 112/49. Let q = z - 6. Let h = -1 - q. What are the prime factors of h?
3
Let s(y) = -29*y**2 + 3*y + 2. Let n(r) = 29*r**2 - 4*r - 3. Let w(d) = -3*n(d) - 4*s(d). Let b be -4*(1 + 6/(-8)). List the prime factors of w(b).
2, 3, 5
Suppose -54155 - 5164 = -27*o. List the prime factors of o.
13
Let q(b) = -22*b**3 - 33*b**2 - 9*b - 8. What are the prime factors of q(-6)?
2, 5, 19
Let o(d) be the second derivative of d**3/2 + 2*d**2 - 9*d. Let f be o(-6). List the prime factors of (1 + f)*(-4 - -3).
13
Suppose 9*i - 5*i = 276. Suppose 2*l - 5*p - 60 = -p, p = 2*l - i. List the prime factors of l.
2, 3
Let i(f) = -337*f - 396. List the prime factors of i(-5).
1289
List the prime factors of (-6 + -1)/(11/(-1111)).
7, 101
Suppose 3*p + p + 228 = 0. Let u = 279 + p. List the prime factors of u.
2, 3, 37
Suppose -2*t + 22 = -2*h, -5*t = -10*t - 5*h + 35. Suppose t*g = -0*g + 117. What are the prime factors of g?
13
Let h be -1 + (-77)/(-63) + 34/9. Suppose 0 = 5*s + 3*x - h*x - 252, 4*s - 213 = -3*x. What are the prime factors of s?
3, 17
Suppose k + 4*k - 205 = 0. Suppose -5*s - 3*r = -13, 3*s - 6*s = -4*r - 2. Suppose l + k = s*l. List the prime factors of l.
41
Let d(i) = 1824*i**2 - 10*i - 5. List the prime factors of d(-1).
31, 59
Let s(r) = 6*r + 36. Let t(f) = -12*f - 71. Let g(i) = 5*s(i) + 3*t(i). List the prime factors of g(-6).
3
Let g be 0/1 + 0/9. Suppose 4*n - 18 + 6 = g. Suppose -2*d - 2*x + 46 = 0, 3*d - 48 = n*x + x. List the prime factors of d.
2, 5
Let u be 1 + -13 + 0/(-2). Let v(x) = -x**3 + 10*x**2 + 4*x - 4. Let a be v(7). List the prime factors of a/u*8/(-3).
2, 19
Let s(g) = 96*g - 265. What are the prime factors of s(38)?
17, 199
Let z(a) be the first derivative of a**3/3 - 7*a**2/2 + 8*a + 4. Let t be z(6). Suppose 0 = k - t*k + 29. List the prime factors of k.
29
Let d(x) = x**3 + 2*x - 11. Suppose 0 = 4*w - 3*o - 16, -w + 3*o + 0 = -4. List the prime factors of d(w).
61
Suppose 8*l = 2*d + 3*l - 3668, 3*d + 2*l - 5521 = 0. List the prime factors of d.
3, 613
Let x(v) = 3*v**3 - v**2 + 9*v - 56. List the prime factors of x(6).
2, 5, 61
Suppose 4*p + 3*m - 2454 = 2074, 3417 = 3*p - 3*m. What are the prime factors of p?
5, 227
Let g(c) = 46*c + 32. Let k be g(14). Suppose -3*z = -4*r + k, -3*r + z - 155 = -662. What are the prime factors of r?
13
Let b = 27 - 67. Let j = 95 + b. List the prime factors of j.
5, 11
Let i be ((-40)/50)/((-2)/20). Let y = 47 + -19. Let o = y + i. List the prime factors of o.
2, 3
Suppose -6 = -3*q, -3*q = -2*j - 0*q + 6. Let s(y) = 2*y. Let t(w) = 1. Let p(k) = s(k) + 4*t(k). List the prime factors of p(j).
2
Suppose 5*b - 70 = 4*o + 46, -4*o = -2*b + 44. Suppose -2*z - 4*v = -28, 2*z = -6*v + 4*v + b. What are the prime factors of z?
2, 5
Let j(w) = w**2 + 11*w - 13. Let c be j(-12). Let x be (c - (-4)/3)*12. Suppose -x*m = -8*m + 208. What are the prime factors of m?
2, 13
Suppose -5*h - 29 = -2*k, 0 = -2*k - 2*k + 2*h + 18. Suppose -10*s + k*s = -840. List the prime factors of s.
3, 5, 7
Let h(n) = 6*n**2 - 52*n + 116. What are the prime factors of h(19)?
2, 647
Let n = -970 + 1362. What are the prime factors of n?
2, 7
Suppose 2*m - 5*l = -m + 8, -5*l = -5*m + 20. Let x(i) = 2*i**2 - 7*i - 8. Let a be x(6). List the prime factors of m/3 + -3 + a.
3, 7
Let o = -57 - -53. Let w(j) = 4 + 6*j + 1 + 7*j**2 + j**3 + 0*j. List the prime factors of w(o).
29
Let m be (4 - 2)/(1/4). Let r be 10*2/m*-16. What are the prime factors of r/6*48/(-20)?
2
Suppose 0 = -2*v + 5*u + 1266, 627 = v + 56*u - 57*u. What are the prime factors of v?
7, 89
Suppose r = 3*f - 258, -f + 506 = 2*r - 4*r. Let p = 378 + r. What are the prime factors of p?
2, 3, 7
Let d = 1 - 11. Let f = -6 - d. Let l(q) = 5*q - 5. List the prime factors of l(f).
3, 5
Let d be ((-7)/(-2) - 3)*68. Suppose -30*b + d*b = 352. List the prime factors of b.
2, 11
Suppose -5*j = -463 - 1257. List the prime factors of j.
2, 43
Let u = -204 - -221. What are the prime factors of u?
17
Let q(a) = 10*a - 12. Let z(f) = -10*f + 11. Let c(x) = 3*q(x) + 2*z(x). What are the prime factors of c(8)?
2, 3, 11
What are the prime factors of (-10252)/(-55) + 4/(-10)?
2, 3, 31
Let t(h) = -h**2 + h + 2. Suppose 0*v = 4*v. Let q be t(v). List the prime factors of (19/q)/((-1)/(-2)).
19
Let l(w) = -w**2 - 39*w - 9. What are the prime factors of l(-30)?
3, 29
List the prime factors of (-8)/((-160)/15) - 63894/(-24).
2663
Let o(r) = -r + 146. List the prime factors of o(16).
2, 5, 13
Suppose -5*j = 3*i - 7*i, -3*i - 3*j = 0. List the prime factors of -9 + 6 + 248 + -4 + i.
241
Suppose 3*n - 29*p - 11747 = -34*p, 3*p = -15. List the prime factors of n.
2, 3, 109
Suppose -61*o = -63*o + 2960. What are the prime factors of o?
2, 5, 37
Let i be 32/20*(2 + 3). List the prime factors of i*(-2)/(-120) + (-2368)/(-15).
2, 79
Suppose i - 4*r = 35, -4*r - 61 = -2*i + 29. Suppose -w + 5*z - i = -343, 0 = -w - 5*z + 288. List the prime factors of w.
2, 3
Let i(n) = 4*n + 1. Let b be i(1). Suppose 0 = -3*d + 3, b*a - 4*d = -0*a - 34. Let z(y) = -6*y + 14. What are the prime factors of z(a)?
2, 5
List the prime factors of (-12648)/48*(-3 + 1).
17, 31
Let a = 98 + -51. Let c = a - -25. List the prime factors of c.
2, 3
Let r(o) = -2*o. Let v be r(5). Let i(a) = 10*a + 2 + a**2 - 3*a - 9. List the prime factors of i(v).
23
Let l = 19 + 32. Let g = l - 36. Suppose 0*c = -3*c + g. What are the prime factors of c?
5
Let t(b) be the third derivative of b**5/30 + 23*b**4/12 - 2*b**3 + 10*b**2. What are the prime factors of t(-26)?
2, 3
Let t(c) = 2*c - 4. Let g be 17/51 - 11/(-3). Let u be t(g). Suppose u*j + 171 = 3*q, -q + 5*q = -4*j + 200. What are the prime factors of q?
53
Let h(n) = 30*n - 12. Suppose 4*x + 2*p - 14 = 0, -3*x - 4*p + 11 = 3. What are the prime factors of h(x)?
2, 3
Let i = -314 + 715. List the prime factors of i.
401
Let v = 1115 - 257. What are the prime factors of v?
2, 3, 11, 13
Suppose -3*r - 6348 = -4*g - 0*g, 0 = g + 2*r - 1576. List the prime factors of g.
2, 3, 11
Suppose 304 + 74 = 6*m. List the prime factors of m.
3, 7
What are the prime factors of (-1019 - 1)/((-42)/28)?
2, 5, 17
Suppose -20*s = 6*s - 25038. List the prime factors of s.
3, 107
Let r(s) = 18*s**2 + s. Let k be r(1). Let h = k + 26. What are the prime factors of h?
3, 5
Suppose 2*k = l + 253, -3*k + 2*l - 5*l + 393 = 0. What are the prime factors of k?
2
Let m(p) = -26*p - 13. Let c(b) = 4*b + 2. Let t be c(-2). Wh